{"id":3378,"date":"2020-11-11T06:34:01","date_gmt":"2020-11-11T05:34:01","guid":{"rendered":"http:\/\/www.14512.be\/?page_id=3378"},"modified":"2026-04-02T13:34:01","modified_gmt":"2026-04-02T12:34:01","slug":"limited-edition","status":"publish","type":"page","link":"https:\/\/www.14512.be\/?page_id=3378","title":{"rendered":"Limited Edition"},"content":{"rendered":"<div style=\"text-align: center; font-size: 12px;\">Je suis ravie d&rsquo;avoir enfin des \u0153uvres disponibles dans une fourchette de prix plus abordable pour toutes les personnes formidables qui ont \u00e9t\u00e9 des fans et des supporters tout au long de ma carri\u00e8re.<\/div>\n<div style=\"text-align: center; font-size: 12px;\">Puisque tous les articles achet\u00e9s ici aident directement \u00e0 financer les futurs projets sur lesquels je travaille dans le studio, c&rsquo;est une merveilleuse fa\u00e7on de se sentir connect\u00e9 et engag\u00e9 avec un public beaucoup plus large.<\/div>\n<div style=\"text-align: center; font-size: 12px;\">Si vous d\u00e9sirez conna\u00eetre les prix et les \u00e9ditions limit\u00e9es restantes, merci de me contacter par mail \u00e0 l&rsquo;adresse\u00a0<a href=\"mailto:14512@hotmail.be\" target=\"_blank\" rel=\"noopener noreferrer\">14512@hotmail.be<\/a><\/div>\n<div style=\"text-align: center; font-size: 12px;\">Je vous r\u00e9pondrai le plus rapidement possible.<\/div>\n<div><\/div>\n<p>&nbsp;<\/p>\n<div><a href=\"https:\/\/www.14512.be\/?page_id=3807\"><img loading=\"lazy\" decoding=\"async\" class=\"aligncenter size-full wp-image-3809\" src=\"http:\/\/www.14512.be\/wp-content\/uploads\/2023\/05\/Global-warning.jpg\" alt=\"\" width=\"930\" height=\"290\" srcset=\"https:\/\/www.14512.be\/wp-content\/uploads\/2023\/05\/Global-warning.jpg 930w, https:\/\/www.14512.be\/wp-content\/uploads\/2023\/05\/Global-warning-300x94.jpg 300w, https:\/\/www.14512.be\/wp-content\/uploads\/2023\/05\/Global-warning-768x239.jpg 768w\" sizes=\"auto, (max-width: 930px) 100vw, 930px\" \/><\/a><\/div>\n<p>&nbsp;<\/p>\n<div><a href=\"https:\/\/www.14512.be\/?page_id=3734\"><img loading=\"lazy\" decoding=\"async\" class=\"aligncenter size-full wp-image-3736\" src=\"http:\/\/www.14512.be\/wp-content\/uploads\/2022\/03\/Larme-blanche-1.jpg\" alt=\"\" width=\"930\" height=\"290\" srcset=\"https:\/\/www.14512.be\/wp-content\/uploads\/2022\/03\/Larme-blanche-1.jpg 930w, https:\/\/www.14512.be\/wp-content\/uploads\/2022\/03\/Larme-blanche-1-300x94.jpg 300w, https:\/\/www.14512.be\/wp-content\/uploads\/2022\/03\/Larme-blanche-1-768x239.jpg 768w\" sizes=\"auto, (max-width: 930px) 100vw, 930px\" \/><\/a><\/div>\n<p>&nbsp;<br \/>\n<a href=\"http:\/\/www.14512.be\/?page_id=3515\"><img loading=\"lazy\" decoding=\"async\" class=\"aligncenter size-full wp-image-3518\" src=\"http:\/\/www.14512.be\/wp-content\/uploads\/2021\/04\/La-ville-sainte-EL-7-7.jpg\" alt=\"\" width=\"930\" height=\"290\" srcset=\"https:\/\/www.14512.be\/wp-content\/uploads\/2021\/04\/La-ville-sainte-EL-7-7.jpg 930w, https:\/\/www.14512.be\/wp-content\/uploads\/2021\/04\/La-ville-sainte-EL-7-7-300x94.jpg 300w, https:\/\/www.14512.be\/wp-content\/uploads\/2021\/04\/La-ville-sainte-EL-7-7-768x239.jpg 768w\" sizes=\"auto, (max-width: 930px) 100vw, 930px\" \/><\/a><br \/>\n&nbsp;<br \/>\n<a href=\"http:\/\/www.14512.be\/?page_id=3442\"><img loading=\"lazy\" decoding=\"async\" class=\"aligncenter size-full wp-image-3444\" src=\"http:\/\/www.14512.be\/wp-content\/uploads\/2020\/11\/Cecite-des-amoureux.jpg\" alt=\"\" width=\"930\" height=\"290\" srcset=\"https:\/\/www.14512.be\/wp-content\/uploads\/2020\/11\/Cecite-des-amoureux.jpg 930w, https:\/\/www.14512.be\/wp-content\/uploads\/2020\/11\/Cecite-des-amoureux-300x94.jpg 300w, https:\/\/www.14512.be\/wp-content\/uploads\/2020\/11\/Cecite-des-amoureux-768x239.jpg 768w\" sizes=\"auto, (max-width: 930px) 100vw, 930px\" \/><\/a><br \/>\n&nbsp;<\/p>\n<div><a href=\"http:\/\/www.14512.be\/?page_id=3430\"><img loading=\"lazy\" decoding=\"async\" class=\"aligncenter size-full wp-image-3432\" src=\"http:\/\/www.14512.be\/wp-content\/uploads\/2020\/11\/Cercle-vicieux.jpg\" alt=\"\" width=\"930\" height=\"290\" srcset=\"https:\/\/www.14512.be\/wp-content\/uploads\/2020\/11\/Cercle-vicieux.jpg 930w, https:\/\/www.14512.be\/wp-content\/uploads\/2020\/11\/Cercle-vicieux-300x94.jpg 300w, https:\/\/www.14512.be\/wp-content\/uploads\/2020\/11\/Cercle-vicieux-768x239.jpg 768w\" sizes=\"auto, (max-width: 930px) 100vw, 930px\" \/><\/a><\/div>\n<p>&nbsp;<\/p>\n<div><a href=\"http:\/\/www.14512.be\/?page_id=3415\"><img loading=\"lazy\" decoding=\"async\" class=\"aligncenter size-full wp-image-3417\" src=\"http:\/\/www.14512.be\/wp-content\/uploads\/2020\/11\/Rechauffement-climatique-chrome.jpg\" alt=\"\" width=\"930\" height=\"290\" srcset=\"https:\/\/www.14512.be\/wp-content\/uploads\/2020\/11\/Rechauffement-climatique-chrome.jpg 930w, https:\/\/www.14512.be\/wp-content\/uploads\/2020\/11\/Rechauffement-climatique-chrome-300x94.jpg 300w, https:\/\/www.14512.be\/wp-content\/uploads\/2020\/11\/Rechauffement-climatique-chrome-768x239.jpg 768w\" sizes=\"auto, (max-width: 930px) 100vw, 930px\" \/><\/a><\/div>\n<p>&nbsp;<\/p>\n<div><a href=\"http:\/\/www.14512.be\/?page_id=3389\"><img loading=\"lazy\" decoding=\"async\" class=\"aligncenter size-full wp-image-3391\" src=\"http:\/\/www.14512.be\/wp-content\/uploads\/2020\/11\/Rechauffement-climatique.jpg\" alt=\"\" width=\"930\" height=\"290\" srcset=\"https:\/\/www.14512.be\/wp-content\/uploads\/2020\/11\/Rechauffement-climatique.jpg 930w, https:\/\/www.14512.be\/wp-content\/uploads\/2020\/11\/Rechauffement-climatique-300x94.jpg 300w, https:\/\/www.14512.be\/wp-content\/uploads\/2020\/11\/Rechauffement-climatique-768x239.jpg 768w\" sizes=\"auto, (max-width: 930px) 100vw, 930px\" \/><\/a><\/div>\n","protected":false},"excerpt":{"rendered":"<p>Je suis ravie d&rsquo;avoir enfin des \u0153uvres disponibles dans une fourchette de prix plus abordable pour toutes les personnes formidables qui ont \u00e9t\u00e9 des fans et des supporters tout au long de ma carri\u00e8re. Puisque tous les articles achet\u00e9s ici aident directement \u00e0 financer les futurs projets sur lesquels je travaille dans le studio, c&rsquo;est [&hellip;]<\/p>\n","protected":false},"author":1,"featured_media":0,"parent":0,"menu_order":0,"comment_status":"closed","ping_status":"closed","template":"","meta":{"footnotes":""},"class_list":["post-3378","page","type-page","status-publish","hentry"],"_links":{"self":[{"href":"https:\/\/www.14512.be\/index.php?rest_route=\/wp\/v2\/pages\/3378","targetHints":{"allow":["GET"]}}],"collection":[{"href":"https:\/\/www.14512.be\/index.php?rest_route=\/wp\/v2\/pages"}],"about":[{"href":"https:\/\/www.14512.be\/index.php?rest_route=\/wp\/v2\/types\/page"}],"author":[{"embeddable":true,"href":"https:\/\/www.14512.be\/index.php?rest_route=\/wp\/v2\/users\/1"}],"replies":[{"embeddable":true,"href":"https:\/\/www.14512.be\/index.php?rest_route=%2Fwp%2Fv2%2Fcomments&post=3378"}],"version-history":[{"count":32,"href":"https:\/\/www.14512.be\/index.php?rest_route=\/wp\/v2\/pages\/3378\/revisions"}],"predecessor-version":[{"id":3955,"href":"https:\/\/www.14512.be\/index.php?rest_route=\/wp\/v2\/pages\/3378\/revisions\/3955"}],"wp:attachment":[{"href":"https:\/\/www.14512.be\/index.php?rest_route=%2Fwp%2Fv2%2Fmedia&parent=3378"}],"curies":[{"name":"wp","href":"https:\/\/api.w.org\/{rel}","templated":true}]}}